{"id":232,"date":"2022-05-31T10:49:33","date_gmt":"2022-05-31T10:49:33","guid":{"rendered":"https:\/\/trusting-wiles.83-173-252-150.plesk.page\/?page_id=232"},"modified":"2025-08-03T14:21:28","modified_gmt":"2025-08-03T12:21:28","slug":"u12-ecoliers","status":"publish","type":"page","link":"https:\/\/marly.basketball\/?page_id=232","title":{"rendered":"U12"},"content":{"rendered":"\n<figure class=\"wp-block-image size-full\"><img decoding=\"async\" loading=\"lazy\" width=\"680\" height=\"762\" src=\"https:\/\/marly.basketball\/wp-content\/uploads\/2025\/05\/image.png\" alt=\"\" class=\"wp-image-1086\" srcset=\"https:\/\/marly.basketball\/wp-content\/uploads\/2025\/05\/image.png 680w, https:\/\/marly.basketball\/wp-content\/uploads\/2025\/05\/image-268x300.png 268w\" sizes=\"(max-width: 680px) 100vw, 680px\" \/><\/figure>\n\n\n\n<p class=\"has-text-align-center\"><\/p>\n\n\n\n<br>\n\n\n\n<div class=\"wp-block-columns is-layout-flex wp-container-3 wp-block-columns-is-layout-flex\">\n<div class=\"wp-block-column is-layout-flow wp-block-column-is-layout-flow\">\n<h4 class=\"wp-block-heading\"><strong>Effectif mixte n\u00e9 en 2014-2015<\/strong><\/h4>\n\n\n\n<p><strong>Inscriptions ouvertes<\/strong><\/p>\n\n\n\n<h4 class=\"wp-block-heading\"><strong>Coachs<\/strong><\/h4>\n\n\n\n<p>Aziz Fennouri : +41 78 960 97 38<\/p>\n\n\n\n<p>Maximilien et Mannon<br><\/p>\n<\/div>\n\n\n\n<div class=\"wp-block-column is-layout-flow wp-block-column-is-layout-flow\">\n<h4 class=\"wp-block-heading\"><strong>Entra\u00eenements<\/strong><\/h4>\n\n\n\n<p>Lundi : 17:45 &#8211; 19:15<\/p>\n\n\n\n<p>Mercredi :  17:45 &#8211; 19:15<\/p>\n\n\n\n<h4 class=\"wp-block-heading\"><strong>Mat\u00e9riel n\u00e9cessaire<\/strong><\/h4>\n\n\n\n<p>Ballon taille 5 (voir 6), tenue de gym, baskets avec semelles non marquantes, gourde personnelle.<\/p>\n<\/div>\n<\/div>\n\n\n\n<h2 class=\"wp-block-heading\">Informations tournois<\/h2>\n\n\n\n<p><a href=\"https:\/\/afbb.ch\/mini-basket\/\">Tournoi Mini-Basket (AFBB)<\/a><\/p>\n","protected":false},"excerpt":{"rendered":"<p>Effectif mixte n\u00e9 en 2014-2015 Inscriptions ouvertes Coachs Aziz Fennouri : +41 78 960 97 38 Maximilien et Mannon Entra\u00eenements Lundi : 17:45 &#8211; 19:15 Mercredi : 17:45 &#8211; 19:15 Mat\u00e9riel n\u00e9cessaire Ballon taille 5 (voir 6), tenue de gym, baskets avec semelles non marquantes, gourde personnelle. Informations tournois Tournoi Mini-Basket (AFBB)<\/p>\n","protected":false},"author":1,"featured_media":0,"parent":0,"menu_order":0,"comment_status":"closed","ping_status":"closed","template":"","meta":{"ngg_post_thumbnail":0,"footnotes":""},"_links":{"self":[{"href":"https:\/\/marly.basketball\/index.php?rest_route=\/wp\/v2\/pages\/232"}],"collection":[{"href":"https:\/\/marly.basketball\/index.php?rest_route=\/wp\/v2\/pages"}],"about":[{"href":"https:\/\/marly.basketball\/index.php?rest_route=\/wp\/v2\/types\/page"}],"author":[{"embeddable":true,"href":"https:\/\/marly.basketball\/index.php?rest_route=\/wp\/v2\/users\/1"}],"replies":[{"embeddable":true,"href":"https:\/\/marly.basketball\/index.php?rest_route=%2Fwp%2Fv2%2Fcomments&post=232"}],"version-history":[{"count":8,"href":"https:\/\/marly.basketball\/index.php?rest_route=\/wp\/v2\/pages\/232\/revisions"}],"predecessor-version":[{"id":1166,"href":"https:\/\/marly.basketball\/index.php?rest_route=\/wp\/v2\/pages\/232\/revisions\/1166"}],"wp:attachment":[{"href":"https:\/\/marly.basketball\/index.php?rest_route=%2Fwp%2Fv2%2Fmedia&parent=232"}],"curies":[{"name":"wp","href":"https:\/\/api.w.org\/{rel}","templated":true}]}}