{"id":402,"date":"2022-08-22T16:58:17","date_gmt":"2022-08-22T16:58:17","guid":{"rendered":"https:\/\/marlybasket.ch\/?page_id=402"},"modified":"2025-05-31T13:48:29","modified_gmt":"2025-05-31T11:48:29","slug":"charte-des-parents-fans","status":"publish","type":"page","link":"https:\/\/marly.basketball\/?page_id=402","title":{"rendered":"Charte des parents\/fans"},"content":{"rendered":"<div class=\"wp-block-image\">\n<figure class=\"aligncenter size-full is-resized\"><img decoding=\"async\" loading=\"lazy\" width=\"512\" height=\"512\" src=\"https:\/\/marly.basketball\/wp-content\/uploads\/2022\/04\/cropped-MARLY-FINAL-FILE-v2.1.png\" alt=\"\" class=\"wp-image-5\" style=\"width:263px;height:263px\" srcset=\"https:\/\/marly.basketball\/wp-content\/uploads\/2022\/04\/cropped-MARLY-FINAL-FILE-v2.1.png 512w, https:\/\/marly.basketball\/wp-content\/uploads\/2022\/04\/cropped-MARLY-FINAL-FILE-v2.1-300x300.png 300w, https:\/\/marly.basketball\/wp-content\/uploads\/2022\/04\/cropped-MARLY-FINAL-FILE-v2.1-150x150.png 150w, https:\/\/marly.basketball\/wp-content\/uploads\/2022\/04\/cropped-MARLY-FINAL-FILE-v2.1-270x270.png 270w, https:\/\/marly.basketball\/wp-content\/uploads\/2022\/04\/cropped-MARLY-FINAL-FILE-v2.1-192x192.png 192w, https:\/\/marly.basketball\/wp-content\/uploads\/2022\/04\/cropped-MARLY-FINAL-FILE-v2.1-180x180.png 180w, https:\/\/marly.basketball\/wp-content\/uploads\/2022\/04\/cropped-MARLY-FINAL-FILE-v2.1-32x32.png 32w\" sizes=\"(max-width: 512px) 100vw, 512px\" \/><\/figure><\/div>\n\n\n<br><br><br>\n\n\n\n<ul>\n<li>Je me comporte avec respect et bienveillance envers mon \u00e9quipe, l&#8217;\u00e9quipe adverse et les arbitres.<\/li>\n\n\n\n<li>Je laisse le coach faire son travail.<\/li>\n\n\n\n<li>Je laisse l&#8217;enfant\/joueur.euse prendre du plaisir.<\/li>\n\n\n\n<li>J&#8217;\u00e9vite de vivre par procuration.<\/li>\n\n\n\n<li>Je supporte toute l&#8217;\u00e9quipe en \u00e9vitant de comparer un joueur \u00e0 un autre.<\/li>\n\n\n\n<li>Je reste humble dans la victoire et digne dans la d\u00e9faite.<\/li>\n<\/ul>\n\n\n\n<p><\/p>\n","protected":false},"excerpt":{"rendered":"","protected":false},"author":3,"featured_media":0,"parent":0,"menu_order":0,"comment_status":"closed","ping_status":"closed","template":"","meta":{"ngg_post_thumbnail":0,"footnotes":""},"_links":{"self":[{"href":"https:\/\/marly.basketball\/index.php?rest_route=\/wp\/v2\/pages\/402"}],"collection":[{"href":"https:\/\/marly.basketball\/index.php?rest_route=\/wp\/v2\/pages"}],"about":[{"href":"https:\/\/marly.basketball\/index.php?rest_route=\/wp\/v2\/types\/page"}],"author":[{"embeddable":true,"href":"https:\/\/marly.basketball\/index.php?rest_route=\/wp\/v2\/users\/3"}],"replies":[{"embeddable":true,"href":"https:\/\/marly.basketball\/index.php?rest_route=%2Fwp%2Fv2%2Fcomments&post=402"}],"version-history":[{"count":2,"href":"https:\/\/marly.basketball\/index.php?rest_route=\/wp\/v2\/pages\/402\/revisions"}],"predecessor-version":[{"id":1114,"href":"https:\/\/marly.basketball\/index.php?rest_route=\/wp\/v2\/pages\/402\/revisions\/1114"}],"wp:attachment":[{"href":"https:\/\/marly.basketball\/index.php?rest_route=%2Fwp%2Fv2%2Fmedia&parent=402"}],"curies":[{"name":"wp","href":"https:\/\/api.w.org\/{rel}","templated":true}]}}