{"id":52,"date":"2022-05-14T10:09:39","date_gmt":"2022-05-14T10:09:39","guid":{"rendered":"https:\/\/trusting-wiles.83-173-252-150.plesk.page\/?page_id=52"},"modified":"2025-08-03T13:50:25","modified_gmt":"2025-08-03T11:50:25","slug":"le-club","status":"publish","type":"page","link":"https:\/\/marly.basketball\/?page_id=52","title":{"rendered":"Le comit\u00e9"},"content":{"rendered":"\n<p>Bonjour \u00e0 tous,<\/p>\n\n\n\n<p><\/p>\n\n\n\n<p>Notre club, le Marly Basket se porte bien et on lui souhaite encore de nombreuses belles saisons. Ce derni\u00e8res ann\u00e9es, nos \u00e9quipes jeunesse se sont bien d\u00e9velopp\u00e9es en nombre de membres et au niveau du jeu propos\u00e9 gr\u00e2ce \u00e0 des coachs engag\u00e9s. Notre Comit\u00e9 a lui aussi r\u00e9ussi \u00e0 s&#8217;agrandir ces derni\u00e8res ann\u00e9es pour s&#8217;adapter \u00e0 ces nouveaux challenges. Aujourd&#8217;hui, nous sommes 8 membres qui donnons b\u00e9n\u00e9volement de notre temps non seulement pour le Marly Basket mais aussi pour promouvoir notre sport, le basket, dans le canton et au-del\u00e0!<\/p>\n\n\n\n<p><\/p>\n\n\n\n<p>Portez vous bien et Vive le Basket!<\/p>\n\n\n\n<p><\/p>\n\n\n\n<p>Le Comit\u00e9 du Marly Basket actuel pour la saison 2025-26:<\/p>\n\n\n\n<p><\/p>\n\n\n\n<p>Pr\u00e9sident : Yves Charri\u00e8re, ad interim<\/p>\n\n\n\n<p>Vice-Pr\u00e9sident : Adrian Fontana<\/p>\n\n\n\n<p>Tr\u00e9sorier : Thierry Britschu<\/p>\n\n\n\n<p>Responsable technique et coach J+S: Yves Charri\u00e8re<\/p>\n\n\n\n<p>Responsable mini-basket :  Aziz Fennouri<\/p>\n\n\n\n<p>Responsable comp\u00e9tition et \u00e9v\u00e9nement : Vincent Bloch<\/p>\n\n\n\n<p> Responsable des officiels : Yvonne Diallo<\/p>\n\n\n\n<p>Responsable mat\u00e9riel : Yann Ulrich<\/p>\n\n\n\n<p>Responsable Communication et d\u00e9veloppement : Eliot Bondallaz<\/p>\n\n\n\n<p><\/p>\n\n\n\n<p>Poste vacant : secr\u00e9tariat<\/p>\n\n\n\n<p><\/p>\n\n\n\n<p>Et un Grand Merci \u00e0 nos familles qui travaillent en coulisse pour la Marly Basket!<\/p>\n","protected":false},"excerpt":{"rendered":"<p>Bonjour \u00e0 tous, Notre club, le Marly Basket se porte bien et on lui souhaite encore de nombreuses belles saisons. Ce derni\u00e8res ann\u00e9es, nos \u00e9quipes jeunesse se sont bien d\u00e9velopp\u00e9es en nombre de membres et au niveau du jeu propos\u00e9 gr\u00e2ce \u00e0 des coachs engag\u00e9s. Notre Comit\u00e9 a lui aussi r\u00e9ussi \u00e0 s&#8217;agrandir ces derni\u00e8res&hellip;<\/p>\n","protected":false},"author":1,"featured_media":0,"parent":0,"menu_order":0,"comment_status":"closed","ping_status":"closed","template":"","meta":{"ngg_post_thumbnail":0,"footnotes":""},"_links":{"self":[{"href":"https:\/\/marly.basketball\/index.php?rest_route=\/wp\/v2\/pages\/52"}],"collection":[{"href":"https:\/\/marly.basketball\/index.php?rest_route=\/wp\/v2\/pages"}],"about":[{"href":"https:\/\/marly.basketball\/index.php?rest_route=\/wp\/v2\/types\/page"}],"author":[{"embeddable":true,"href":"https:\/\/marly.basketball\/index.php?rest_route=\/wp\/v2\/users\/1"}],"replies":[{"embeddable":true,"href":"https:\/\/marly.basketball\/index.php?rest_route=%2Fwp%2Fv2%2Fcomments&post=52"}],"version-history":[{"count":7,"href":"https:\/\/marly.basketball\/index.php?rest_route=\/wp\/v2\/pages\/52\/revisions"}],"predecessor-version":[{"id":1147,"href":"https:\/\/marly.basketball\/index.php?rest_route=\/wp\/v2\/pages\/52\/revisions\/1147"}],"wp:attachment":[{"href":"https:\/\/marly.basketball\/index.php?rest_route=%2Fwp%2Fv2%2Fmedia&parent=52"}],"curies":[{"name":"wp","href":"https:\/\/api.w.org\/{rel}","templated":true}]}}

Le comité

<p>Bonjour à tous,</p>



<p></p>



<p>Notre club, le Marly Basket se porte bien et on lui souhaite encore de nombreuses belles saisons. Ce dernières années, nos équipes jeunesse se sont bien développées en nombre de membres et au niveau du jeu proposé grâce à des coachs engagés. Notre Comité a lui aussi réussi à s&#8217;agrandir ces dernières années pour s&#8217;adapter à ces nouveaux challenges. Aujourd&#8217;hui, nous sommes 8 membres qui donnons bénévolement de notre temps non seulement pour le Marly Basket mais aussi pour promouvoir notre sport, le basket, dans le canton et au-delà!</p>



<p></p>



<p>Portez vous bien et Vive le Basket!</p>



<p></p>



<p>Le Comité du Marly Basket actuel pour la saison 2025-26:</p>



<p></p>



<p>Président : Yves Charrière, ad interim</p>



<p>Vice-Président : Adrian Fontana</p>



<p>Trésorier : Thierry Britschu</p>



<p>Responsable technique et coach J+S: Yves Charrière</p>



<p>Responsable mini-basket :  Aziz Fennouri</p>



<p>Responsable compétition et événement : Vincent Bloch</p>



<p> Responsable des officiels : Yvonne Diallo</p>



<p>Responsable matériel : Yann Ulrich</p>



<p>Responsable Communication et développement : Eliot Bondallaz</p>



<p></p>



<p>Poste vacant : secrétariat</p>



<p></p>



<p>Et un Grand Merci à nos familles qui travaillent en coulisse pour la Marly Basket!</p>

<p>Bonjour à tous, Notre club, le Marly Basket se porte bien et on lui souhaite encore de nombreuses belles saisons. Ce dernières années, nos équipes jeunesse se sont bien développées en nombre de membres et au niveau du jeu proposé grâce à des coachs engagés. Notre Comité a lui aussi réussi à s&#8217;agrandir ces dernières&hellip;</p>
